) + (15 - -2). Let s(x) = x - 27. What is s(f)?
-3
Let n(d) = 7*d**2 + 1. Suppose -6 = 4*y - 18. Suppose y = -7*q + 10*q. Calculate n(q).
8
Let q(u) = -u**2 + 2*u + 1. Let r(s) = -2*s**2 + 10*s + 4. Let f(i) = -5*q(i) + 3*r(i). Give f(21).
-14
Let r(g) be the first derivative of -g**4/4 + 8*g**3/3 + 9*g**2/2 + 6*g + 53. Give r(9).
6
Let s(z) = -z**3 + 3*z**2 - 2*z. Suppose 0 = -3*u + 4*k - 80, -5*k - 61 = 3*u - u. Let d = -26 - u. What is s(d)?
0
Let l(x) = -x**2 + 7*x - 11. Suppose -4*z - 309 + 341 = 0. Calculate l(z).
-19
Let r(o) be the second derivative of o**4/12 + 13*o**3/6 - 5*o**2/2 - 55*o - 1. Give r(-14).
9
Let m(a) = -a**3 + a + 2. Suppose 0 = -o - 5*v + 70, 8*v = 9*v - 1. Let q = o - 65. Calculate m(q).
2
Let v(i) = 3*i**2. Suppose -s + z = -5, -6*s + 5 = -s + 5*z. Suppose 3*q = -2*d + 9, 0 = -4*d - s*q + 21. Suppose 5*h = -4 - d. Calculate v(h).
12
Suppose 0 = 4*w + h + 7, h + 7 + 2 = -5*w. Let r be w*(-2 + 1) + -2. Let x(n) = 3 - 1 - 3*n - n + r. What is x(2)?
-6
Let s(p) be the first derivative of p**6/120 + p**5/20 - p**3/2 - p**2 + 1. Let c(f) be the second derivative of s(f). Let m = -341 - -338. What is c(m)?
-3
Let f(g) = -2*g**2 + g + 1. Let z(b) = -4*b**2 + 5*b**2 - 2*b**2 + 4*b - 3 + 2*b. Let m be z(4). Suppose m = 5*o - 5. Give f(o).
-5
Let h(s) = -2*s - 17. Let x be h(-15). Suppose -2*n + 5*j - x = 0, 3*n + 3*j = -2*j + 18. Let f(r) = -r. Give f(n).
-1
Let d(y) = -3428 + y**3 - 3420 - 3427 + 3*y + 10276 + 8*y**2. Give d(-7).
29
Let v(w) = -w + 2. Suppose 22*r - 21*r = 0. Suppose 18*c + 13 - 49 = r. What is v(c)?
0
Let o be 2/(-6) - (-117)/27. Suppose -3 = o*x - 5*w, 2*x - 2*w + 4*w + 24 = 0. Let c(d) = -d**2 - 8*d - 3. Give c(x).
4
Let s be (-9)/(-6)*(-4)/(-3). Let o(d) = -27*d**2 + 49*d**2 + 6 - 23*d**s - 4*d - 3*d. Give o(-6).
12
Let o(s) be the first derivative of -6 - s - s**3 + 1/2*s**2. Let m be 6/(-14) + (-17)/(-7). Calculate o(m).
-11
Let p(w) = -w + 8. Suppose 504 = 30*a + 114. Determine p(a).
-5
Let c(z) = -4*z**2 + 7*z + 2. Let m(h) = -h**2 - 1. Let p(b) = -c(b) + 3*m(b). Let s be 4/((-36)/21)*-3. What is p(s)?
-5
Let r = 649/6 + -12979/120. Let q(x) be the third derivative of -6*x**2 + 0*x + 2/3*x**3 + r*x**6 + 0 - 1/15*x**5 - 1/24*x**4. What is q(4)?
0
Let q(g) = g**3 - 3*g**2 - 5*g - 2. Let n(l) = -82*l + 19 + 5 + 84*l. Let z be n(-11). Suppose -z - 11 = -4*y - w, 0 = y - 4*w - 16. Determine q(y).
-6
Let m(u) = -15*u - 54. Let w = -1000 - -996. Determine m(w).
6
Let o be -6 + (15*1)/1*83/249. Let t(k) be the second derivative of -k**5/24 + k**4/24 + k**3/6 + k. Let y(a) be the second derivative of t(a). Calculate y(o).
6
Let m(d) = d**2 - d + 2. Let a(p) = 2*p**2 - 2*p + 5. Let q be 5*((-6)/(-15) + 0). Suppose 3*r + 11 = -x, r + q = -0. Let k(z) = x*m(z) + 2*a(z). Give k(1).
0
Let v(t) = -185*t - 20. Let q(l) = -28*l - 3. Let c(f) = -20*q(f) + 3*v(f). Calculate c(3).
15
Suppose 4*k - 5*d + 7 = -35, 4*d = -3*k - 16. Let j(s) = -s**2 - 9*s - 11. Calculate j(k).
-3
Let a(q) = q - 1. Let h(k) = 28*k - 16. Let o(y) = -24*a(y) + h(y). What is o(-6)?
-16
Let o(w) be the second derivative of 0 - 1/2*w**2 + 20*w + 1/3*w**3 - 1/4*w**4. Suppose -4*q + 0*r + 7 = 3*r, 3*q - 2 = r. Determine o(q).
-2
Suppose -h + 2 + 1 = 0. Let u(o) = 2*o + 3. Let x(n) = -2*n - 3. Let m(t) = h*x(t) + 4*u(t). Determine m(4).
11
Let j(i) = -i**2 + 11*i + 4. Suppose -142*o + 184*o - 420 = 0. What is j(o)?
14
Suppose -2*k + 75 = 5*r, 5*k = -4*r + 4*k + 60. Let g(p) = -1197*p + r + 1197*p - p**2. Determine g(0).
15
Let u(q) be the second derivative of -q**4/6 + q**3 - q**2 + 77*q. Let j = -10 - -14. Determine u(j).
-10
Suppose -3*h = -5*h. Let o(a) = -a**2 - 16*a + 3 + 12*a + h*a**2. Calculate o(-3).
6
Let q(l) = 3*l - 1. Let g(u) = -5*u + 1. Let b(p) = 5*g(p) + 8*q(p). Let d(n) = -n**2 - 8*n - 5. Let i be d(-7). Suppose 7 - 3 = -i*y. Determine b(y).
-1
Let t(a) = 4*a - 1. Let n be -4*49/28 + -1. Give t(n).
-33
Let b(s) be the second derivative of 3*s**5/20 - s**4/12 - s**3/3 + s**2 + 2*s + 21. Calculate b(1).
2
Let v(u) = u**3 + 6*u**2 + u - 6. Suppose 5*p - 26 = -i, -5*p + 13 = -2*i + 5. Suppose h = -4*h + 60. Let y = i - h. Determine v(y).
-12
Let j(x) = -x**2 - 9*x + 17. Let w be j(2). Let l(v) = -v**2 - 2*v - 1. Determine l(w).
-16
Let m(b) = -b**3 + 3*b**2 - 3*b - 1. Let c(j) = 18*j - 15. Let k be c(1). Let t = 0 - -1. Suppose 8 = k*x - t. What is m(x)?
-10
Let f(k) = -5*k**3 - 2*k**2 - 2*k - 1. Suppose 4*a + 4 = -r, -5*a = -3*r + 81 - 76. What is f(a)?
4
Let y(a) = -7*a**2 + 2*a - 8. Suppose 2*w - 10 = f + 5, -3*w + 15 = f. Let g(t) = 13*t**2 - 4*t + 15. Let z(v) = w*g(v) + 11*y(v). Determine z(3).
5
Let b(i) = -i**2 + 6*i - 3. Suppose 9 = 3*l, l - 25 - 2 = -4*g. Determine b(g).
-3
Let n(i) = 9*i**2 - 24*i - 3. Let d(w) = -10*w**2 + 28*w + 3. Let p(r) = -5*d(r) - 6*n(r). Give p(-4).
-77
Let t(s) be the first derivative of -7*s**2 + 59. Determine t(2).
-28
Suppose -5*a + 0*r + 4*r = -20, 2*a + 3*r + 15 = 0. Suppose a*h - 5*h - 35 = 0. Let k(o) = -9 - 1 + 5*o + 3*o**3 - 4*o**3 - 6*o**2. Calculate k(h).
4
Suppose -4*j + 14 = -2*n, n + 1 = j - 2*n. Let i(a) = 1 + j*a**2 - 39*a - 41*a + 82*a. Calculate i(-2).
13
Let r be (-9)/(-4) + (-1)/4. Let w be (-82)/(-18) + 188/423. Suppose w*d + 4 = 3*i, r = -2*i - 2. Let n(s) = s**2 - s + 1. Calculate n(d).
7
Let m(b) = -4*b + 8. Let r be m(3). Let x(i) = 2*i**2 + 4*i + 1. Let j be x(r). Let z = -19 + j. Let y(k) = k**3 + 3*k**2 - k - 1. Calculate y(z).
5
Let x be (2/4)/((-8)/(-16)). Let q(t) = 7*t**2 - 4*t + 1. Let g(r) = r**2 + r. Let v(d) = x*q(d) + 6*g(d). Calculate v(-1).
12
Let q(m) = 22*m - 33 + 21 + 18 + 26*m**2. Let x(a) = 8*a**2 + 7*a + 2. Let z(t) = 5*q(t) - 16*x(t). Suppose 2*b = 3 + 1. Determine z(b).
2
Let b(k) = 7*k**2 + 3*k - 13. Let g(x) = -3*x + 6*x**2 - 7 - 2*x**2 + 4*x. Let i(r) = -3*b(r) + 5*g(r). What is i(-5)?
-1
Let q(i) = -3*i + 2. Let s(r) = r**2 - 18*r + 87. Let a be s(8). Let v = -5 + 8. Suppose 5*n + h - 28 = 0, -v*h = a - 1. Give q(n).
-16
Suppose 7*g + 3 = -46. Let d(c) = -c**2 - 11*c - 7. What is d(g)?
21
Let a(k) be the first derivative of -k**3/3 - 13*k**2/2 - 12*k - 235. Give a(-11).
10
Let x(q) = -q**3 - q**2 + 4*q + 2. Let f be 2/(-15) - (-4)/((-420)/301). Determine x(f).
8
Let y(h) = 4*h - 15. Let d(a) = a**2 - 22*a - 69. Let f be d(25). Determine y(f).
9
Let h(i) be the third derivative of i**7/2520 - i**6/180 - i**4/3 - 8*i**2. Let b(t) be the second derivative of h(t). Calculate b(3).
-3
Let r(i) = -i**2 - 3*i - 1. Let w(p) = 6*p**3 + p**2 + 4*p + 3. Let l be w(-1). Let f be (15/(l + 1))/1. Determine r(f).
-1
Let h be 0/(-2 - -3) + 1. Let c be 1/(3/(-15)*h). Let m(f) = -10 - f - 2 - 2 + 13. Give m(c).
4
Let p = -188 + 192. Let v(t) be the third derivative of -t**2 + 0 + 7/6*t**3 + 0*t + 1/12*t**p. Give v(-5).
-3
Let w be (-4 + 0/4)*(-10)/(-4). Let n(p) = p**3 + 11*p**2 + 13*p + 13. Give n(w).
-17
Let z(k) be the first derivative of -k**3/3 - 7*k**2 + 18*k + 263. Calculate z(-15).
3
Let b(t) = 1 + 2*t**3 - 3*t**3 + t**2 + 2*t**3 + 3*t + 2*t**2. Let o be (-1)/3 + (-4)/6. Let v be o/3 + (-20)/12. What is b(v)?
-1
Let q(u) be the second derivative of -u**4/12 - 2*u**3/3 - u**2 + 2*u - 5. Give q(-4).
-2
Suppose -v = -k, 0 = -2*k - 7*v + 3*v - 12. Let a(g) be the second derivative of g**4/6 - g**3/6 - 2*g - 19. What is a(k)?
10
Let j be 4*((-39)/(-12) - 4). Let v(s) be the first derivative of s**3/3 + 5*s**2/2 + 2*s + 21. Give v(j).
-4
Let s(t) be the first derivative of t**6/72 + t**5/60 + t**4/24 + 4*t**3/3 - 14. Let d(c) be the third derivative of s(c). What is d(-2)?
17
Let c(g) = g - 1. Let v be c(8). Let q(t) = -4 - v*t + t**2 + t**3 + 3*t**2 + 3 + 3*t. Let k(s) = -s**2 - 4*s - 5. Let n be k(-4). What is q(n)?
-6
Let v(g) = 2*g + 5. Suppose 9*x = 15*x - 2*x. Give v(x).
5
Let d(s) be the second derivative of 0 + 3/4*s**4 - 1/20*s**5 - 3/2*s**2 - s**3 + 33*s. What is d(8)?
13
Let j(d) = 5*d + 7*d - 10*d - d - 6. Let i(m) = -m**2 + 3*m + 4. Let b be i(4). What is j(b)?
-6
Let f(y) = 0*y**3 + 5*y + 5*y - 7 - y**3 + 3*y - 5*y**2 - 12*y. Determine f(-6).
23
Let w(a) = 20*a**2 + a + 2. Suppose -3*s - 3*t + 36 = 0, -s - 5*t + 3*t = -7. Let f(v) = -7*v**2 - 1. Let n(j) = s*f(j) + 6*w(j). What is n(-6)?
-5
Let m(f) = 3*f + 61. Let l be m(-19). Let q(c) = c. Give